{"id":16,"date":"2015-09-11T14:18:20","date_gmt":"2015-09-11T14:18:20","guid":{"rendered":"http:\/\/helbig-schirmer.de\/?page_id=16"},"modified":"2017-12-09T11:03:36","modified_gmt":"2017-12-09T11:03:36","slug":"rechtsgebiete","status":"publish","type":"page","link":"https:\/\/helbig-schirmer.de\/?page_id=16","title":{"rendered":"Rechtsgebiete"},"content":{"rendered":"\t\t\t\t\t\t<h3 style=\"margin-bottom:20px;display:block;width:100%;margin-top:10px\">Rechtsanw\u00e4ltin Nadine Helbig <\/h3>\r\n\t\t\t\t\t\t<style>\r\n\t\t\t\t\t#wpsm_accordion_162 .wpsm_panel-heading{\r\npadding:0px !important;\r\n}\r\n#wpsm_accordion_162 .wpsm_panel-title {\r\nmargin:0px !important; \r\ntext-transform:none !important;\r\nline-height: 1 !important;\r\n}\r\n#wpsm_accordion_162 .wpsm_panel-title a{\r\ntext-decoration:none;\r\n\r\ndisplay:block;\r\npadding:0px;\r\nfont-size: 16px !important;\r\nfont-family: Times New Roman !important;\r\nborder-bottom:0px !important;\r\n\r\n}\r\n#wpsm_accordion_162 .wpsm_panel-title a, #wpsm_accordion_162 .wpsm_panel-title a:hover, #wpsm_accordion_162 .wpsm_panel-title a:focus {\r\n\tcolor:#000000 !important;\r\n\ttext-transform:none !important;\r\n}\r\n#wpsm_accordion_162 .acc-a{\r\n\tcolor: #000000 !important;\r\n\tbackground-color:#e8e8e8 !important;\r\n\tborder-color: #ddd;\r\n}\r\n#wpsm_accordion_162 .wpsm_panel-default > .wpsm_panel-heading{\r\n\tcolor: #000000 !important;\r\n\tbackground-color: #e8e8e8 !important;\r\n\tborder-color: #e8e8e8 !important;\r\n\tborder-top-left-radius: 0px;\r\n\tborder-top-right-radius: 0px;\r\n}\r\n#wpsm_accordion_162 .wpsm_panel-default {\r\n\t\r\n\tborder:1px solid transparent !important;\r\n\r\n\t}\r\n#wpsm_accordion_162 {\r\n\tmargin-bottom: 20px;\r\n\toverflow: hidden;\r\n\tfloat: none;\r\n\twidth: 100%;\r\n\tdisplay: block;\r\n}\r\n#wpsm_accordion_162 .ac_title_class{\r\n\tdisplay: block;\r\n\tpadding-top: 12px;\r\n\tpadding-bottom: 12px;\r\n\tpadding-left: 15px;\r\n\tpadding-right: 15px;\r\n\tborder: 1px solid #ddd;\r\n\t\r\n\r\n}\r\n#wpsm_accordion_162  .wpsm_panel {\r\n\toverflow:hidden;\r\n\t-webkit-box-shadow: 0 0px 0px rgba(0, 0, 0, .05);\r\n\tbox-shadow: 0 0px 0px rgba(0, 0, 0, .05);\r\n\t\tpadding-left:47px;\r\n\t\t\tborder-radius: 4px;\r\n\t}\r\n#wpsm_accordion_162  .wpsm_panel + .wpsm_panel {\r\n\t\tmargin-top: 5px;\r\n\t}\r\n#wpsm_accordion_162  .wpsm_panel-body{\r\nbackground-color:#ffffff !important;\r\ncolor:#000000 !important;\r\nborder-top-color: #e8e8e8 !important;\r\nfont-size:14px !important;\r\nfont-family: Times New Roman !important;\r\noverflow: hidden;\r\n\r\nborder: 1px solid #ddd !important;\r\n\r\nborder-top:0px !important;\r\n}\r\n\r\n#wpsm_accordion_162 .ac_open_cl_icon{\r\n\tbackground-color:#1d5413;\r\n\tcolor: #ffffff;\r\n\tfloat:left; \r\n\tpadding-top: 12px;\r\n\tpadding-bottom: 12px;\r\n\tline-height: 1.0;\r\n\tmargin-left:-44px;\r\n\ttext-align: center !important;\r\n\twidth:45px !important;\r\n\tdisplay: inline-block;\r\n\tborder: 1px solid #ddd;\r\n\t\tborder-right: 1px solid transparent;\r\n\t\t\tborder-top-left-radius: 4px;\r\n\tborder-bottom-left-radius: 4px;\r\n\t}\r\n\r\n\t\t\t\r\n\t\t\t\t\r\n\t\t\t\t\t\r\n\t\t\t<\/style>\r\n\t\t\t<div class=\"wpsm_panel-group\" id=\"wpsm_accordion_162\" >\r\n\t\t\t\t\r\n\t\t\t\t\t\t\r\n\t\t\t\t  <!-- Inner panel Start -->\r\n\t\t\t\t  <div class=\"wpsm_panel wpsm_panel-default\">\r\n\t\t\t\t\t<div class=\"wpsm_panel-heading\" role=\"tab\" >\r\n\t\t\t\t\t  <h4 class=\"wpsm_panel-title\">\r\n\t\t\t\t\t\t<a  class=\"\"  data-toggle=\"collapse\" data-parent=\"#wpsm_accordion_162 \" href=\"#ac_162_collapse1\"  >\r\n\t\t\t\t\t\t\t\t\t\t\t\t\t\t\t<span  class=\"ac_open_cl_icon fa fa-chevron-down\"><\/span>\r\n\t\t\t\t\t\t\t\t\r\n\t\t\t\t\t\t\t \r\n\t\t\t\t\t\t\t<span class=\"ac_title_class\">\r\n\t\t\t\t\t\t\t\t\t\t\t\t\t\t\t\t\t\t<span style=\"margin-right:6px;\" class=\"fa fa-male\"><\/span>\r\n\t\t\t\t\t\t\t\tFamilienrecht\t\t\t\t\t\t\t<\/span>\r\n\t\t\t\t\t\t<\/a>\r\n\t\t\t\t\t  <\/h4>\r\n\t\t\t\t\t<\/div>\r\n\t\t\t\t\t<div id=\"ac_162_collapse1\" class=\"wpsm_panel-collapse collapse_162 collapse in\"  >\r\n\t\t\t\t\t  <div class=\"wpsm_panel-body\">\r\n\t\t\t\t\t\t\t<li>Trennung, Scheidung und Folgen<\/li>\r\n\r\n\t<li>Elterliche Sorge, Umgangsrecht<\/li>\r\n\r\n\t<li>Unterhaltsrecht<\/li>\r\n\r\n\t<li>Zugewinnausgleich, Hausratsteilung<\/li>\r\n\r\n\t<li>Vaterschaftsanerkennung, -anfechtung<\/li>\r\n\r\n\t<li>nichteheliche und eingetragene Lebenspartnerschaft<\/li>\r\n\r\n\t<li>Gestaltung Ehevertr\u00e4ge<\/li>\r\n\r\n\t\t\t\t\t  <\/div>\r\n\t\t\t\t\t<\/div>\r\n\t\t\t\t  <\/div>\r\n\t\t\t\t   <!-- Inner panel End -->\r\n\t\t\t\t\r\n\t\t\t\t\t\t\r\n\t\t\t\t  <!-- Inner panel Start -->\r\n\t\t\t\t  <div class=\"wpsm_panel wpsm_panel-default\">\r\n\t\t\t\t\t<div class=\"wpsm_panel-heading\" role=\"tab\" >\r\n\t\t\t\t\t  <h4 class=\"wpsm_panel-title\">\r\n\t\t\t\t\t\t<a  class=\"collapsed\"  data-toggle=\"collapse\" data-parent=\"#wpsm_accordion_162 \" href=\"#ac_162_collapse2\"  >\r\n\t\t\t\t\t\t\t\t\t\t\t\t\t\t\t<span  class=\"ac_open_cl_icon fa fa-chevron-right\"><\/span>\r\n\t\t\t\t\t\t\t\t\r\n\t\t\t\t\t\t\t \r\n\t\t\t\t\t\t\t<span class=\"ac_title_class\">\r\n\t\t\t\t\t\t\t\t\t\t\t\t\t\t\t\t\t\t<span style=\"margin-right:6px;\" class=\"fa fa-male\"><\/span>\r\n\t\t\t\t\t\t\t\tErbrecht\t\t\t\t\t\t\t<\/span>\r\n\t\t\t\t\t\t<\/a>\r\n\t\t\t\t\t  <\/h4>\r\n\t\t\t\t\t<\/div>\r\n\t\t\t\t\t<div id=\"ac_162_collapse2\" class=\"wpsm_panel-collapse collapse_162 collapse \"  >\r\n\t\t\t\t\t  <div class=\"wpsm_panel-body\">\r\n\t\t\t\t\t\t\t<li>Erstellung und Beratung bei Testamenten<\/li>\r\n\r\n\t<li>Auseinandersetzung des Nachlasses bei Erbengemeinschaft<\/li>\r\n\r\n\t<li>Pflichtteilsrecht<\/li>\r\n\r\n\t<li>Testamentsvollstreckung<\/li>\r\n\r\n\t\t\t\t\t  <\/div>\r\n\t\t\t\t\t<\/div>\r\n\t\t\t\t  <\/div>\r\n\t\t\t\t   <!-- Inner panel End -->\r\n\t\t\t\t\r\n\t\t\t\t\t\t\r\n\t\t\t\t  <!-- Inner panel Start -->\r\n\t\t\t\t  <div class=\"wpsm_panel wpsm_panel-default\">\r\n\t\t\t\t\t<div class=\"wpsm_panel-heading\" role=\"tab\" >\r\n\t\t\t\t\t  <h4 class=\"wpsm_panel-title\">\r\n\t\t\t\t\t\t<a  class=\"collapsed\"  data-toggle=\"collapse\" data-parent=\"#wpsm_accordion_162 \" href=\"#ac_162_collapse3\"  >\r\n\t\t\t\t\t\t\t\t\t\t\t\t\t\t\t<span  class=\"ac_open_cl_icon fa fa-chevron-right\"><\/span>\r\n\t\t\t\t\t\t\t\t\r\n\t\t\t\t\t\t\t \r\n\t\t\t\t\t\t\t<span class=\"ac_title_class\">\r\n\t\t\t\t\t\t\t\t\t\t\t\t\t\t\t\t\t\t<span style=\"margin-right:6px;\" class=\"fa fa-dollar\"><\/span>\r\n\t\t\t\t\t\t\t\tInsolvenzrecht\t\t\t\t\t\t\t<\/span>\r\n\t\t\t\t\t\t<\/a>\r\n\t\t\t\t\t  <\/h4>\r\n\t\t\t\t\t<\/div>\r\n\t\t\t\t\t<div id=\"ac_162_collapse3\" class=\"wpsm_panel-collapse collapse_162 collapse \"  >\r\n\t\t\t\t\t  <div class=\"wpsm_panel-body\">\r\n\t\t\t\t\t\t\t<li>Schuldnerberatung<\/li>\r\n\r\n\t<li>Durchf\u00fchrung au\u00dfergerichtlicher Einigungsversuch<\/li>\r\n\r\n\t<li>Einleitung Privat-\/Verbraucherinsolvenz<\/li>\r\n\r\n\t<li>Gl\u00e4ubigervertretung im Insolvenzverfahren<\/li>\r\n\r\n\t<li>Insolvenz von Unternehmen, Freiberuflern<\/li>\r\n\r\n\t<li>Vertretung von Gesch\u00e4ftsf\u00fchrern<\/li>\r\n\r\n\t\t\t\t\t  <\/div>\r\n\t\t\t\t\t<\/div>\r\n\t\t\t\t  <\/div>\r\n\t\t\t\t   <!-- Inner panel End -->\r\n\t\t\t\t\r\n\t\t\t\t\t\t\r\n\t\t\t\t  <!-- Inner panel Start -->\r\n\t\t\t\t  <div class=\"wpsm_panel wpsm_panel-default\">\r\n\t\t\t\t\t<div class=\"wpsm_panel-heading\" role=\"tab\" >\r\n\t\t\t\t\t  <h4 class=\"wpsm_panel-title\">\r\n\t\t\t\t\t\t<a  class=\"collapsed\"  data-toggle=\"collapse\" data-parent=\"#wpsm_accordion_162 \" href=\"#ac_162_collapse4\"  >\r\n\t\t\t\t\t\t\t\t\t\t\t\t\t\t\t<span  class=\"ac_open_cl_icon fa fa-chevron-right\"><\/span>\r\n\t\t\t\t\t\t\t\t\r\n\t\t\t\t\t\t\t \r\n\t\t\t\t\t\t\t<span class=\"ac_title_class\">\r\n\t\t\t\t\t\t\t\t\t\t\t\t\t\t\t\t\t\t<span style=\"margin-right:6px;\" class=\"fa fa-bank\"><\/span>\r\n\t\t\t\t\t\t\t\tAllgemeines Zivilrecht\t\t\t\t\t\t\t<\/span>\r\n\t\t\t\t\t\t<\/a>\r\n\t\t\t\t\t  <\/h4>\r\n\t\t\t\t\t<\/div>\r\n\t\t\t\t\t<div id=\"ac_162_collapse4\" class=\"wpsm_panel-collapse collapse_162 collapse \"  >\r\n\t\t\t\t\t  <div class=\"wpsm_panel-body\">\r\n\t\t\t\t\t\t\t<li>Schuldrecht (Schadensersatzanspr\u00fcche, Forderungen, Vertragsstrafen)<\/li>\r\n\r\n\t<li>Kaufvertragsrecht<\/li>\r\n\r\n\t<li>Reisevertragsrecht<\/li>\r\n\r\n\t<li>R\u00fccktritt\/Widerrufsrechte bei Vertr\u00e4gen mit Verbrauchern (insb. Vertr\u00e4ge per Internet)<\/li>\r\n\r\n\t\t\t\t\t  <\/div>\r\n\t\t\t\t\t<\/div>\r\n\t\t\t\t  <\/div>\r\n\t\t\t\t   <!-- Inner panel End -->\r\n\t\t\t\t\r\n\t\t\t\t\t\t\r\n\t\t\t\t  <!-- Inner panel Start -->\r\n\t\t\t\t  <div class=\"wpsm_panel wpsm_panel-default\">\r\n\t\t\t\t\t<div class=\"wpsm_panel-heading\" role=\"tab\" >\r\n\t\t\t\t\t  <h4 class=\"wpsm_panel-title\">\r\n\t\t\t\t\t\t<a  class=\"collapsed\"  data-toggle=\"collapse\" data-parent=\"#wpsm_accordion_162 \" href=\"#ac_162_collapse5\"  >\r\n\t\t\t\t\t\t\t\t\t\t\t\t\t\t\t<span  class=\"ac_open_cl_icon fa fa-chevron-right\"><\/span>\r\n\t\t\t\t\t\t\t\t\r\n\t\t\t\t\t\t\t \r\n\t\t\t\t\t\t\t<span class=\"ac_title_class\">\r\n\t\t\t\t\t\t\t\t\t\t\t\t\t\t\t\t\t\t<span style=\"margin-right:6px;\" class=\"fa fa-thumbs-o-up\"><\/span>\r\n\t\t\t\t\t\t\t\tBetreuungsrecht\t\t\t\t\t\t\t<\/span>\r\n\t\t\t\t\t\t<\/a>\r\n\t\t\t\t\t  <\/h4>\r\n\t\t\t\t\t<\/div>\r\n\t\t\t\t\t<div id=\"ac_162_collapse5\" class=\"wpsm_panel-collapse collapse_162 collapse \"  >\r\n\t\t\t\t\t  <div class=\"wpsm_panel-body\">\r\n\t\t\t\t\t\t\t<li>Beratung und Hilfe bei der Erstellung von Betreungsverf\u00fcgung, Patientenverf\u00fcgung, Vorsorgevollmacht u.a.]<\/li>\r\n\r\n\t\t\t\t\t  <\/div>\r\n\t\t\t\t\t<\/div>\r\n\t\t\t\t  <\/div>\r\n\t\t\t\t   <!-- Inner panel End -->\r\n\t\t\t\t\r\n\t\t\t\t\t\t\r\n\t\t\t\t  <!-- Inner panel Start -->\r\n\t\t\t\t  <div class=\"wpsm_panel wpsm_panel-default\">\r\n\t\t\t\t\t<div class=\"wpsm_panel-heading\" role=\"tab\" >\r\n\t\t\t\t\t  <h4 class=\"wpsm_panel-title\">\r\n\t\t\t\t\t\t<a  class=\"collapsed\"  data-toggle=\"collapse\" data-parent=\"#wpsm_accordion_162 \" href=\"#ac_162_collapse6\"  >\r\n\t\t\t\t\t\t\t\t\t\t\t\t\t\t\t<span  class=\"ac_open_cl_icon fa fa-chevron-right\"><\/span>\r\n\t\t\t\t\t\t\t\t\r\n\t\t\t\t\t\t\t \r\n\t\t\t\t\t\t\t<span class=\"ac_title_class\">\r\n\t\t\t\t\t\t\t\t\t\t\t\t\t\t\t\t\t\t<span style=\"margin-right:6px;\" class=\"fa fa-dollar\"><\/span>\r\n\t\t\t\t\t\t\t\tZwangsvollstreckung\/Forderungseinzug\t\t\t\t\t\t\t<\/span>\r\n\t\t\t\t\t\t<\/a>\r\n\t\t\t\t\t  <\/h4>\r\n\t\t\t\t\t<\/div>\r\n\t\t\t\t\t<div id=\"ac_162_collapse6\" class=\"wpsm_panel-collapse collapse_162 collapse \"  >\r\n\t\t\t\t\t  <div class=\"wpsm_panel-body\">\r\n\t\t\t\t\t\t\t<li>Einleitung von Zwangsvollstreckungsma\u00dfnahmen<\/li>\r\n\r\n\t<li>Wahrnehmung der Interessen im Zwangsversteigerungsverfahren<\/li>\r\n\r\n\t<li>Forderungseinzug<\/li>\r\n\r\n\t<li>Hilfe bei Konto-\/Lohnpf\u00e4ndung<\/li>\r\n\r\n\t\t\t\t\t  <\/div>\r\n\t\t\t\t\t<\/div>\r\n\t\t\t\t  <\/div>\r\n\t\t\t\t   <!-- Inner panel End -->\r\n\t\t\t\t\r\n\t\t\t\t\t\t<\/div>\r\n\t\t\t\t<script>\r\n\tjQuery(document).ready(function() {\r\n\t\t\r\n\t\t\tjQuery('.collapse_162').on('shown.bs.collapse', function(){jQuery(this).parent().find(\".fa-chevron-right\").removeClass(\"fa-chevron-down\").addClass(\"fa-chevron-down\"); jQuery(this).parent().find(\".wpsm_panel-heading\").addClass(\"acc-a\"); }).on('hidden.bs.collapse', function(){jQuery(this).parent().find(\".fa-chevron-down\").removeClass(\"fa-chevron-down\").addClass(\"fa-chevron-right\"); jQuery(this).parent().find(\".wpsm_panel-heading\").removeClass(\"acc-a\");});\r\n\t\t\r\n\t\t});\r\n\t<\/script>\r\n\t\t\n\t\t\t\t\t\t<h3 style=\"margin-bottom:20px;display:block;width:100%;margin-top:10px\">Rechtsanwalt Ronny Schirmer <\/h3>\r\n\t\t\t\t\t\t<style>\r\n\t\t\t\t\t#wpsm_accordion_164 .wpsm_panel-heading{\r\npadding:0px !important;\r\n}\r\n#wpsm_accordion_164 .wpsm_panel-title {\r\nmargin:0px !important; \r\ntext-transform:none !important;\r\nline-height: 1 !important;\r\n}\r\n#wpsm_accordion_164 .wpsm_panel-title a{\r\ntext-decoration:none;\r\n\r\ndisplay:block;\r\npadding:0px;\r\nfont-size: 16px !important;\r\nfont-family: Times New Roman !important;\r\nborder-bottom:0px !important;\r\n\r\n}\r\n#wpsm_accordion_164 .wpsm_panel-title a, #wpsm_accordion_164 .wpsm_panel-title a:hover, #wpsm_accordion_164 .wpsm_panel-title a:focus {\r\n\tcolor:#000000 !important;\r\n\ttext-transform:none !important;\r\n}\r\n#wpsm_accordion_164 .acc-a{\r\n\tcolor: #000000 !important;\r\n\tbackground-color:#e8e8e8 !important;\r\n\tborder-color: #ddd;\r\n}\r\n#wpsm_accordion_164 .wpsm_panel-default > .wpsm_panel-heading{\r\n\tcolor: #000000 !important;\r\n\tbackground-color: #e8e8e8 !important;\r\n\tborder-color: #e8e8e8 !important;\r\n\tborder-top-left-radius: 0px;\r\n\tborder-top-right-radius: 0px;\r\n}\r\n#wpsm_accordion_164 .wpsm_panel-default {\r\n\t\r\n\tborder:1px solid transparent !important;\r\n\r\n\t}\r\n#wpsm_accordion_164 {\r\n\tmargin-bottom: 20px;\r\n\toverflow: hidden;\r\n\tfloat: none;\r\n\twidth: 100%;\r\n\tdisplay: block;\r\n}\r\n#wpsm_accordion_164 .ac_title_class{\r\n\tdisplay: block;\r\n\tpadding-top: 12px;\r\n\tpadding-bottom: 12px;\r\n\tpadding-left: 15px;\r\n\tpadding-right: 15px;\r\n\tborder: 1px solid #ddd;\r\n\t\r\n\r\n}\r\n#wpsm_accordion_164  .wpsm_panel {\r\n\toverflow:hidden;\r\n\t-webkit-box-shadow: 0 0px 0px rgba(0, 0, 0, .05);\r\n\tbox-shadow: 0 0px 0px rgba(0, 0, 0, .05);\r\n\t\tpadding-left:47px;\r\n\t\t\tborder-radius: 4px;\r\n\t}\r\n#wpsm_accordion_164  .wpsm_panel + .wpsm_panel {\r\n\t\tmargin-top: 5px;\r\n\t}\r\n#wpsm_accordion_164  .wpsm_panel-body{\r\nbackground-color:#ffffff !important;\r\ncolor:#000000 !important;\r\nborder-top-color: #e8e8e8 !important;\r\nfont-size:14px !important;\r\nfont-family: Times New Roman !important;\r\noverflow: hidden;\r\n\r\nborder: 1px solid #ddd !important;\r\n\r\nborder-top:0px !important;\r\n}\r\n\r\n#wpsm_accordion_164 .ac_open_cl_icon{\r\n\tbackground-color:#1d5413;\r\n\tcolor: #ffffff;\r\n\tfloat:left; \r\n\tpadding-top: 12px;\r\n\tpadding-bottom: 12px;\r\n\tline-height: 1.0;\r\n\tmargin-left:-44px;\r\n\ttext-align: center !important;\r\n\twidth:45px !important;\r\n\tdisplay: inline-block;\r\n\tborder: 1px solid #ddd;\r\n\t\tborder-right: 1px solid transparent;\r\n\t\t\tborder-top-left-radius: 4px;\r\n\tborder-bottom-left-radius: 4px;\r\n\t}\r\n\r\n\t\t\t\r\n\t\t\t\t\r\n\t\t\t\t\t\r\n\t\t\t<\/style>\r\n\t\t\t<div class=\"wpsm_panel-group\" id=\"wpsm_accordion_164\" >\r\n\t\t\t\t\r\n\t\t\t\t\t\t\r\n\t\t\t\t  <!-- Inner panel Start -->\r\n\t\t\t\t  <div class=\"wpsm_panel wpsm_panel-default\">\r\n\t\t\t\t\t<div class=\"wpsm_panel-heading\" role=\"tab\" >\r\n\t\t\t\t\t  <h4 class=\"wpsm_panel-title\">\r\n\t\t\t\t\t\t<a  class=\"\"  data-toggle=\"collapse\" data-parent=\"#wpsm_accordion_164 \" href=\"#ac_164_collapse1\"  >\r\n\t\t\t\t\t\t\t\t\t\t\t\t\t\t\t<span  class=\"ac_open_cl_icon fa fa-chevron-down\"><\/span>\r\n\t\t\t\t\t\t\t\t\r\n\t\t\t\t\t\t\t \r\n\t\t\t\t\t\t\t<span class=\"ac_title_class\">\r\n\t\t\t\t\t\t\t\t\t\t\t\t\t\t\t\t\t\t<span style=\"margin-right:6px;\" class=\"fa fa-clipboard\"><\/span>\r\n\t\t\t\t\t\t\t\tArbeitsrecht\t\t\t\t\t\t\t<\/span>\r\n\t\t\t\t\t\t<\/a>\r\n\t\t\t\t\t  <\/h4>\r\n\t\t\t\t\t<\/div>\r\n\t\t\t\t\t<div id=\"ac_164_collapse1\" class=\"wpsm_panel-collapse collapse_164 collapse in\"  >\r\n\t\t\t\t\t  <div class=\"wpsm_panel-body\">\r\n\t\t\t\t\t\tBeratung und Vertretung von Arbeitgebern und Arbeitnehmern:\r\n\r\n\t<li>bei der Gestaltung und \u00dcberpr\u00fcfung von Arbeitsvertr\u00e4gen<\/li>\r\n\t<li>bei Abmahnungen<\/li>\r\n\t<li>wegen der Beendigung von Arbeitsverh\u00e4ltnissen<\/li>\r\n\t<li>bei der Formulierung von Arbeitszeugnissen<\/li>\r\n\t<li>Vertretung im K\u00fcndigungsschutzprozess<\/li>\r\n\t<li>wegen innerbetrieblicher Haftung<\/li>\r\n\t<li>Streitigkeiten wegen Lohn- und Gehaltszahlungen, Urlaubs- und Urlaubsabgeltungsanspr\u00fcchen, Entgeltfortzahlungsanspr\u00fcchen etc.<\/li>\r\n\t<li>wegen Teilzeitarbeit<\/li>\r\n\t<li>betrieblicher Altersvorsorge<\/li>\r\n\r\n\r\n\r\n\r\n\r\n\r\n\r\n\r\n\r\n\r\n\t\t\t\t\t  <\/div>\r\n\t\t\t\t\t<\/div>\r\n\t\t\t\t  <\/div>\r\n\t\t\t\t   <!-- Inner panel End -->\r\n\t\t\t\t\r\n\t\t\t\t\t\t\r\n\t\t\t\t  <!-- Inner panel Start -->\r\n\t\t\t\t  <div class=\"wpsm_panel wpsm_panel-default\">\r\n\t\t\t\t\t<div class=\"wpsm_panel-heading\" role=\"tab\" >\r\n\t\t\t\t\t  <h4 class=\"wpsm_panel-title\">\r\n\t\t\t\t\t\t<a  class=\"collapsed\"  data-toggle=\"collapse\" data-parent=\"#wpsm_accordion_164 \" href=\"#ac_164_collapse2\"  >\r\n\t\t\t\t\t\t\t\t\t\t\t\t\t\t\t<span  class=\"ac_open_cl_icon fa fa-chevron-right\"><\/span>\r\n\t\t\t\t\t\t\t\t\r\n\t\t\t\t\t\t\t \r\n\t\t\t\t\t\t\t<span class=\"ac_title_class\">\r\n\t\t\t\t\t\t\t\t\t\t\t\t\t\t\t\t\t\t<span style=\"margin-right:6px;\" class=\"fa fa-briefcase\"><\/span>\r\n\t\t\t\t\t\t\t\tSozialrecht\t\t\t\t\t\t\t<\/span>\r\n\t\t\t\t\t\t<\/a>\r\n\t\t\t\t\t  <\/h4>\r\n\t\t\t\t\t<\/div>\r\n\t\t\t\t\t<div id=\"ac_164_collapse2\" class=\"wpsm_panel-collapse collapse_164 collapse \"  >\r\n\t\t\t\t\t  <div class=\"wpsm_panel-body\">\r\n\t\t\t\t\t\t\t<li>Recht der Arbeitsf\u00f6rderung (ALG I)<\/li>\r\n\r\n\t<li>Grundsicherung f\u00fcr Arbeitssuchende (ALG II)<\/li>\r\n\r\n\t<li>gesetzliche Krankenversicherung<\/li>\r\n\r\n\t<li>gesetzliche Rentenversicherung (z.B.: Erwerbsunf\u00e4higkeitsrenten,  Altersrente, Zusatzversorgung)<\/li>\r\n\r\n\t<li>gesetzliche Unfallversicherung<\/li>\r\n\r\n\t<li>Schwerbehindertenrecht<\/li>\r\n\r\n\t<li>Sozialhilfe<\/li>\r\n\r\n\t\t\t\t\t  <\/div>\r\n\t\t\t\t\t<\/div>\r\n\t\t\t\t  <\/div>\r\n\t\t\t\t   <!-- Inner panel End -->\r\n\t\t\t\t\r\n\t\t\t\t\t\t\r\n\t\t\t\t  <!-- Inner panel Start -->\r\n\t\t\t\t  <div class=\"wpsm_panel wpsm_panel-default\">\r\n\t\t\t\t\t<div class=\"wpsm_panel-heading\" role=\"tab\" >\r\n\t\t\t\t\t  <h4 class=\"wpsm_panel-title\">\r\n\t\t\t\t\t\t<a  class=\"collapsed\"  data-toggle=\"collapse\" data-parent=\"#wpsm_accordion_164 \" href=\"#ac_164_collapse3\"  >\r\n\t\t\t\t\t\t\t\t\t\t\t\t\t\t\t<span  class=\"ac_open_cl_icon fa fa-chevron-right\"><\/span>\r\n\t\t\t\t\t\t\t\t\r\n\t\t\t\t\t\t\t \r\n\t\t\t\t\t\t\t<span class=\"ac_title_class\">\r\n\t\t\t\t\t\t\t\t\t\t\t\t\t\t\t\t\t\t<span style=\"margin-right:6px;\" class=\"fa fa-automobile\"><\/span>\r\n\t\t\t\t\t\t\t\tVerkehrsrecht\t\t\t\t\t\t\t<\/span>\r\n\t\t\t\t\t\t<\/a>\r\n\t\t\t\t\t  <\/h4>\r\n\t\t\t\t\t<\/div>\r\n\t\t\t\t\t<div id=\"ac_164_collapse3\" class=\"wpsm_panel-collapse collapse_164 collapse \"  >\r\n\t\t\t\t\t  <div class=\"wpsm_panel-body\">\r\n\t\t\t\t\t\t\t<li>Vertretung in Verkehrsunfallsachen (Unfall- und Schadensabwicklung mit der gegnerischen Haftpflichtversicherung)<\/li>\r\n\r\n\t<li>Vertretung in Bu\u00dfgeldangelegenheiten<\/li>\r\n\r\n\t<li>Vertretung bei Verkehrsstraftaten (z.B.: Fahren unter Alkohol, Unerlaubtes Entfernen vom Unfallort)<\/li>\r\n\r\n\t\t\t\t\t  <\/div>\r\n\t\t\t\t\t<\/div>\r\n\t\t\t\t  <\/div>\r\n\t\t\t\t   <!-- Inner panel End -->\r\n\t\t\t\t\r\n\t\t\t\t\t\t\r\n\t\t\t\t  <!-- Inner panel Start -->\r\n\t\t\t\t  <div class=\"wpsm_panel wpsm_panel-default\">\r\n\t\t\t\t\t<div class=\"wpsm_panel-heading\" role=\"tab\" >\r\n\t\t\t\t\t  <h4 class=\"wpsm_panel-title\">\r\n\t\t\t\t\t\t<a  class=\"collapsed\"  data-toggle=\"collapse\" data-parent=\"#wpsm_accordion_164 \" href=\"#ac_164_collapse4\"  >\r\n\t\t\t\t\t\t\t\t\t\t\t\t\t\t\t<span  class=\"ac_open_cl_icon fa fa-chevron-right\"><\/span>\r\n\t\t\t\t\t\t\t\t\r\n\t\t\t\t\t\t\t \r\n\t\t\t\t\t\t\t<span class=\"ac_title_class\">\r\n\t\t\t\t\t\t\t\t\t\t\t\t\t\t\t\t\t\t<span style=\"margin-right:6px;\" class=\"fa fa-university\"><\/span>\r\n\t\t\t\t\t\t\t\tMiet- und Pachtrecht\t\t\t\t\t\t\t<\/span>\r\n\t\t\t\t\t\t<\/a>\r\n\t\t\t\t\t  <\/h4>\r\n\t\t\t\t\t<\/div>\r\n\t\t\t\t\t<div id=\"ac_164_collapse4\" class=\"wpsm_panel-collapse collapse_164 collapse \"  >\r\n\t\t\t\t\t  <div class=\"wpsm_panel-body\">\r\n\t\t\t\t\t\t\t<li>Gestaltung und \u00dcberpr\u00fcfung von Mietvertr\u00e4gen \u00fcber Wohn- und Gesch\u00e4ftsr\u00e4ume<\/li>\r\n\r\n\t<li>\u00dcberpr\u00fcfung von Betriebskostenabrechnungen<\/li>\r\n\r\n\t<li>Gestaltung und \u00dcberpr\u00fcfung von Pachtvertr\u00e4gen<\/li>\r\n\r\n\t<li>K\u00fcndigungen von Miet- bzw. Pachtvertr\u00e4gen<\/li>\r\n\r\n\t<li>Vertretung bei Streitigkeiten wegen M\u00e4ngel an der Miet- bzw. Pachtsache<\/li>\r\n\r\n\t\t\t\t\t  <\/div>\r\n\t\t\t\t\t<\/div>\r\n\t\t\t\t  <\/div>\r\n\t\t\t\t   <!-- Inner panel End -->\r\n\t\t\t\t\r\n\t\t\t\t\t\t\r\n\t\t\t\t  <!-- Inner panel Start -->\r\n\t\t\t\t  <div class=\"wpsm_panel wpsm_panel-default\">\r\n\t\t\t\t\t<div class=\"wpsm_panel-heading\" role=\"tab\" >\r\n\t\t\t\t\t  <h4 class=\"wpsm_panel-title\">\r\n\t\t\t\t\t\t<a  class=\"collapsed\"  data-toggle=\"collapse\" data-parent=\"#wpsm_accordion_164 \" href=\"#ac_164_collapse5\"  >\r\n\t\t\t\t\t\t\t\t\t\t\t\t\t\t\t<span  class=\"ac_open_cl_icon fa fa-chevron-right\"><\/span>\r\n\t\t\t\t\t\t\t\t\r\n\t\t\t\t\t\t\t \r\n\t\t\t\t\t\t\t<span class=\"ac_title_class\">\r\n\t\t\t\t\t\t\t\t\t\t\t\t\t\t\t\t\t\t<span style=\"margin-right:6px;\" class=\"fa fa-book\"><\/span>\r\n\t\t\t\t\t\t\t\tVertragsrecht\t\t\t\t\t\t\t<\/span>\r\n\t\t\t\t\t\t<\/a>\r\n\t\t\t\t\t  <\/h4>\r\n\t\t\t\t\t<\/div>\r\n\t\t\t\t\t<div id=\"ac_164_collapse5\" class=\"wpsm_panel-collapse collapse_164 collapse \"  >\r\n\t\t\t\t\t  <div class=\"wpsm_panel-body\">\r\n\t\t\t\t\t\t\t<li>Pr\u00fcfung  und Gestaltung von individuellen Vertr\u00e4gen und Vereinbarungen (z.B.: Darlehensvertr\u00e4ge, Leih- und \u00dcberlassungsvertr\u00e4ge, Ratenzahlungsvereinbarungen, Stundungsvereinbarungen, Forderungsabtretungen)<\/li>\r\n\r\n\t<li>Geltendmachung von vertraglichen Anspr\u00fcchen (Erf\u00fcllungsanspr\u00fcche, Gew\u00e4hrleistungsanspr\u00fcche, vertragliche Schadensersatzanspr\u00fcche, etc.)<\/li>\r\n\r\n\t\t\t\t\t  <\/div>\r\n\t\t\t\t\t<\/div>\r\n\t\t\t\t  <\/div>\r\n\t\t\t\t   <!-- Inner panel End -->\r\n\t\t\t\t\r\n\t\t\t\t\t\t\r\n\t\t\t\t  <!-- Inner panel Start -->\r\n\t\t\t\t  <div class=\"wpsm_panel wpsm_panel-default\">\r\n\t\t\t\t\t<div class=\"wpsm_panel-heading\" role=\"tab\" >\r\n\t\t\t\t\t  <h4 class=\"wpsm_panel-title\">\r\n\t\t\t\t\t\t<a  class=\"collapsed\"  data-toggle=\"collapse\" data-parent=\"#wpsm_accordion_164 \" href=\"#ac_164_collapse6\"  >\r\n\t\t\t\t\t\t\t\t\t\t\t\t\t\t\t<span  class=\"ac_open_cl_icon fa fa-chevron-right\"><\/span>\r\n\t\t\t\t\t\t\t\t\r\n\t\t\t\t\t\t\t \r\n\t\t\t\t\t\t\t<span class=\"ac_title_class\">\r\n\t\t\t\t\t\t\t\t\t\t\t\t\t\t\t\t\t\t<span style=\"margin-right:6px;\" class=\"fa fa-taxi\"><\/span>\r\n\t\t\t\t\t\t\t\tOrdnungswidrigkeitenrecht\t\t\t\t\t\t\t<\/span>\r\n\t\t\t\t\t\t<\/a>\r\n\t\t\t\t\t  <\/h4>\r\n\t\t\t\t\t<\/div>\r\n\t\t\t\t\t<div id=\"ac_164_collapse6\" class=\"wpsm_panel-collapse collapse_164 collapse \"  >\r\n\t\t\t\t\t  <div class=\"wpsm_panel-body\">\r\n\t\t\t\t\t\t\t<li>Vertretung in Bu\u00dfgeldangelegenheiten mit und ohne verkehrsrechtlichem Bezug<\/li>\r\n\r\n\t\t\t\t\t  <\/div>\r\n\t\t\t\t\t<\/div>\r\n\t\t\t\t  <\/div>\r\n\t\t\t\t   <!-- Inner panel End -->\r\n\t\t\t\t\r\n\t\t\t\t\t\t\r\n\t\t\t\t  <!-- Inner panel Start -->\r\n\t\t\t\t  <div class=\"wpsm_panel wpsm_panel-default\">\r\n\t\t\t\t\t<div class=\"wpsm_panel-heading\" role=\"tab\" >\r\n\t\t\t\t\t  <h4 class=\"wpsm_panel-title\">\r\n\t\t\t\t\t\t<a  class=\"collapsed\"  data-toggle=\"collapse\" data-parent=\"#wpsm_accordion_164 \" href=\"#ac_164_collapse7\"  >\r\n\t\t\t\t\t\t\t\t\t\t\t\t\t\t\t<span  class=\"ac_open_cl_icon fa fa-chevron-right\"><\/span>\r\n\t\t\t\t\t\t\t\t\r\n\t\t\t\t\t\t\t \r\n\t\t\t\t\t\t\t<span class=\"ac_title_class\">\r\n\t\t\t\t\t\t\t\t\t\t\t\t\t\t\t\t\t\t<span style=\"margin-right:6px;\" class=\"fa fa-institution\"><\/span>\r\n\t\t\t\t\t\t\t\tVerwaltungsrecht\t\t\t\t\t\t\t<\/span>\r\n\t\t\t\t\t\t<\/a>\r\n\t\t\t\t\t  <\/h4>\r\n\t\t\t\t\t<\/div>\r\n\t\t\t\t\t<div id=\"ac_164_collapse7\" class=\"wpsm_panel-collapse collapse_164 collapse \"  >\r\n\t\t\t\t\t  <div class=\"wpsm_panel-body\">\r\n\t\t\t\t\t\t\t<li>allgemeines Verwaltungsrecht<\/li>\r\n\r\n\t<li>\u00f6ffentliches Baurecht<\/li>\r\n\r\n\t<li>Kommunalrecht und Kommunalabgabenrecht<\/li>\r\n\r\n\t<li>Stra\u00dfen- und Wegerecht<\/li>\r\n\r\n\t<li>Polizeirecht<\/li>\r\n\r\n\t<li>Verwaltungsverfahrens- und Prozessrecht<\/li>\r\n\r\n\t\t\t\t\t  <\/div>\r\n\t\t\t\t\t<\/div>\r\n\t\t\t\t  <\/div>\r\n\t\t\t\t   <!-- Inner panel End -->\r\n\t\t\t\t\r\n\t\t\t\t\t\t<\/div>\r\n\t\t\t\t<script>\r\n\tjQuery(document).ready(function() {\r\n\t\t\r\n\t\t\tjQuery('.collapse_164').on('shown.bs.collapse', function(){jQuery(this).parent().find(\".fa-chevron-right\").removeClass(\"fa-chevron-down\").addClass(\"fa-chevron-down\"); jQuery(this).parent().find(\".wpsm_panel-heading\").addClass(\"acc-a\"); }).on('hidden.bs.collapse', function(){jQuery(this).parent().find(\".fa-chevron-down\").removeClass(\"fa-chevron-down\").addClass(\"fa-chevron-right\"); jQuery(this).parent().find(\".wpsm_panel-heading\").removeClass(\"acc-a\");});\r\n\t\t\r\n\t\t});\r\n\t<\/script>\r\n\t\t\n<p><strong>\u00a0<\/strong><\/p>\n","protected":false},"excerpt":{"rendered":"<p>\u00a0<\/p>\n","protected":false},"author":1,"featured_media":0,"parent":0,"menu_order":5,"comment_status":"closed","ping_status":"closed","template":"","meta":[],"_links":{"self":[{"href":"https:\/\/helbig-schirmer.de\/index.php?rest_route=\/wp\/v2\/pages\/16"}],"collection":[{"href":"https:\/\/helbig-schirmer.de\/index.php?rest_route=\/wp\/v2\/pages"}],"about":[{"href":"https:\/\/helbig-schirmer.de\/index.php?rest_route=\/wp\/v2\/types\/page"}],"author":[{"embeddable":true,"href":"https:\/\/helbig-schirmer.de\/index.php?rest_route=\/wp\/v2\/users\/1"}],"replies":[{"embeddable":true,"href":"https:\/\/helbig-schirmer.de\/index.php?rest_route=%2Fwp%2Fv2%2Fcomments&post=16"}],"version-history":[{"count":7,"href":"https:\/\/helbig-schirmer.de\/index.php?rest_route=\/wp\/v2\/pages\/16\/revisions"}],"predecessor-version":[{"id":165,"href":"https:\/\/helbig-schirmer.de\/index.php?rest_route=\/wp\/v2\/pages\/16\/revisions\/165"}],"wp:attachment":[{"href":"https:\/\/helbig-schirmer.de\/index.php?rest_route=%2Fwp%2Fv2%2Fmedia&parent=16"}],"curies":[{"name":"wp","href":"https:\/\/api.w.org\/{rel}","templated":true}]}}